 Let f = p + -10. What is the remainder when 62 is divided by f?
10
Let i(w) = -2*w**2 - 25*w - 17. Let d be i(-16). Let g = d - -221. Calculate the remainder when g is divided by 24.
20
Let l = 39 - 95. What is the remainder when 18 is divided by (5/(10/4))/((-16)/l)?
4
Let r(y) = -y - 7. Let n be 86/(-6)*(-17 - -14). Suppose z + 0*h - 14 = h, 0 = 2*z - 5*h - n. Calculate the remainder when z is divided by r(-12).
4
Let d = -47 - -59. Calculate the remainder when 60 is divided by d + (4/12 - 11/(-3)).
12
Let g(r) = r - 2. Let a be g(5). Let m(j) = j**3 - 2*j + a + 5*j**2 - j**2 + j**2. Calculate the remainder when m(-5) is divided by 7.
6
Let o(n) = n**2 - 28*n - 6. Let t be o(28). Let w = -11 - -15. Calculate the remainder when -1 + t/(-2) - (-1 + -12) is divided by w.
3
Let a = 0 - -25. Suppose -4*f - 2*h + 22 = -0*f, -5*h = -f - 22. What is the remainder when f*-1 - (0 - a) is divided by 8?
6
Suppose 0*p = -p + 101. Let x be -2*(2 + -3) + 3 + 2. Let k(v) = v**2 - v - 8. Calculate the remainder when p is divided by k(x).
33
Suppose 32*m = 14*m + 3690. What is the remainder when m is divided by 53?
46
Let g(a) = -53*a + 67. What is the remainder when g(-2) is divided by 25?
23
Suppose 4*i + 20 = 0, 4*m = -2*i + 3*i + 125. What is the remainder when m is divided by (12/(-18))/((-2)/33)?
8
Suppose -4 = -4*q - 144. Let d = 30 - q. Calculate the remainder when d is divided by (-67)/(-3) + (-6)/18.
21
Suppose 420 = -4*q + 19*q. Calculate the remainder when q is divided by 8.
4
Let q(o) = -76*o**3 - 3*o**2 - 2*o. Let n be q(-1). Let d = n - 59. Calculate the remainder when d is divided by 9.
7
Suppose 3*b + 9 = 4*b + 3*h, 5*b - 13 = h. Suppose -b*f - f + v = -128, v - 128 = -4*f. Let w = -1796 + 1805. Calculate the remainder when f is divided by w.
5
Let c = -3394 + 3412. Let y = -6 - -10. Calculate the remainder when c is divided by y.
2
Suppose -4*h - 5 = -5*t, 5*h = -4*t + 10*h - 5. What is the remainder when t is divided by 3?
2
Let r be ((-1)/(-2))/(1/86). Suppose -21 = m - t, -6*t = 5*m - 4*t + 133. Let g = m + r. What is the remainder when 70 is divided by g?
16
Let g be 3/((-2)/(-6*2)). Suppose -g = 2*m - m - 2*o, -60 = 5*m - 4*o. Let w = 15 - m. Calculate the remainder when w is divided by 9.
5
Let k be ((-42)/12)/(1/(-12)). What is the remainder when -10*1*3*(-7)/k is divided by 1?
0
Let s(t) = 7*t + 325. Calculate the remainder when s(-31) is divided by 46.
16
Let a = -201 - -212. Calculate the remainder when 74 is divided by a.
8
Suppose -2*p - 3 = p. Let r be 0 - p - 0 - -2. Let h(o) = 14*o - 1. What is the remainder when h(r) is divided by 14?
13
Suppose o - 2*z - 17 = 0, -5*o + 0*o + 85 = 4*z. What is the remainder when 132 is divided by o?
13
Let r(d) = 9*d + 8. Let c(b) = 2*b**2 + 60*b + 17. What is the remainder when r(6) is divided by c(-30)?
11
Let u(r) = -126*r - 62. Calculate the remainder when 500 is divided by u(-1).
52
Let b(g) = -g**2 + 11*g + 2. Let y be b(11). Suppose y*f = -4*s + 256, 5*s + 3*f + f = 326. Calculate the remainder when s is divided by 21.
20
Suppose 5*a - 45 = -2*v, 2*v = 26*a - 29*a + 47. Calculate the remainder when 43 is divided by v.
18
Suppose -18*v + 224 = -10*v. Calculate the remainder when 55 is divided by v.
27
Suppose n + 2*y = 2*n + 377, 0 = 5*n - y + 1840. Let a = 547 + n. Suppose 0 = -i + 1, 2*p + p = -3*i + a. What is the remainder when p is divided by 15?
14
Suppose -3*j = 5*x - j - 14, 0 = -x + 3*j + 13. Let z(q) = 3*q**2 + 3*q - 2. Let d be z(2). Let g = d - x. What is the remainder when 46 is divided by g?
10
Let w(z) = 2*z**2 + 63*z + 143. What is the remainder when w(-30) is divided by 24?
5
Suppose -78*b + 81*b - 21 = 0. Let n = 58 - 16. Suppose 0 = -b*l + 4*l + n. Calculate the remainder when 26 is divided by l.
12
Let c(x) = -5*x. Let o(z) = z - 1. Let n(h) = -c(h) - 3*o(h). Suppose -7548 = -172*q + 24*q. What is the remainder when q is divided by n(5)?
12
Suppose -2*c = 6, t + c - 6 = -2. Let v(d) = -d**2 + 7*d + 24. Calculate the remainder when 71 is divided by v(t).
23
Suppose -127*h - 4080 = -263*h. What is the remainder when 2 - 1 - 1 - -89 is divided by h?
29
Let u = -79 + 171. What is the remainder when u is divided by 27?
11
What is the remainder when (21/28)/(-1 - (-61)/60) is divided by 18?
9
Suppose -25*q + 27*q = 144. Suppose 3*x = 39 + q. What is the remainder when x is divided by 24?
13
Let g = 122 - -35. Suppose -6*t + g = -449. What is the remainder when t is divided by 27?
20
Suppose -5*d - g + 83 = 0, -4*d + 3*g - 31 + 105 = 0. Calculate the remainder when 41 is divided by d.
7
Let o(t) = t**3 + 8*t**2 - 7*t - 28. What is the remainder when o(-6) is divided by 34?
18
Suppose 9*h - 55 = 14*h. Calculate the remainder when (-90)/(-4) + h/(-22) is divided by (-2)/(-5) - (-126)/10.
10
Let u be -3 + -12*(-2)/3. Suppose -u*x + 54 = -4*x. Calculate the remainder when x is divided by 19.
16
Suppose 2*o = 4*b - 906, -17*b + 13*b + 931 = 3*o. Calculate the remainder when b is divided by 89.
51
Suppose -5*a = -a + 4*h - 12, 3*h + 23 = 5*a. Suppose 3*c - 15 = -4*y, -a*c = -2*y - y - 20. Calculate the remainder when 8 is divided by c.
3
Suppose -106 = -2*h + c, 2*c = -2*h - h + 145. What is the remainder when 150 is divided by h?
48
Let v(c) = 8*c - 43. Let s be v(6). Let o = s + 93. Calculate the remainder when o is divided by 26.
20
Let m be (-1)/((3 - (-13)/(-4)) + 0). Let q = m - -40. Calculate the remainder when 175 is divided by q.
43
Calculate the remainder when 104 is divided by 24/(-28)*(-24 + 3).
14
Let s(b) = -17*b - 4. Let c be s(-5). Suppose -2*j - 13 = -c. Let d = -19 - -31. What is the remainder when j is divided by d?
10
Let s(z) = -3*z**2 - z + 1. Let r be s(1). Let l be 9/(-6)*4/r. Suppose -h + 2*k + 3 = k, 26 = l*h + 2*k. What is the remainder when 23 is divided by h?
7
Let t(x) = x - 12. Let p be t(27). Suppose 18 = n - p. What is the remainder when n is divided by -2 + (-4)/2 + 22?
15
Suppose -2*y - 2*y = 5*z - 397, -2*y + 171 = -3*z. What is the remainder when y is divided by 16?
13
Let a be 0*2/(4 - 2). Suppose a = y - 7 - 4. What is the remainder when 41 is divided by y?
8
Let w = 203 + 250. Suppose -18*r - 75 = -w. Calculate the remainder when r is divided by 3.
0
Suppose c - 1 = 1. Let l = c + 1. Suppose -n = l*n - 324. Calculate the remainder when n is divided by 21.
18
Suppose d = -3*j - 4*d + 11, -2*d = -8. Calculate the remainder when 30 is divided by j/(-7) + (-1090)/(-70).
14
Let s be (2/(-3))/(6/(-171)). Let c = s + -10. Suppose -94*g + 96*g - 12 = 0. Calculate the remainder when c is divided by g.
3
Suppose c = -c + 16. Suppose 14 + 314 = c*q. Suppose -2*i - i + 2*x + q = 0, 0 = 5*i - x - 66. Calculate the remainder when 36 is divided by i.
10
Let k(m) = -20*m**3 - 7*m**2 + 20*m + 9. Let v(z) = -7*z**3 - 2*z**2 + 7*z + 3. Let j(q) = -6*k(q) + 17*v(q). What is the remainder when j(-7) is divided by 14?
11
Calculate the remainder when 1/(2/54 + 0) is divided by (0 - 4/18) + (-3699)/(-243).
12
Let f = 185 - 124. Calculate the remainder when 121 is divided by f.
60
Let s(v) be the third derivative of -v**6/120 + 3*v**5/20 + v**4/12 + 5*v**3/3 + 3*v**2. Let g = -21 + 30. What is the remainder when 53 is divided by s(g)?
25
Suppose -11*r + 12*r + 3*g - 90 = 0, -20 = -4*g. What is the remainder when 217 is divided by r?
67
Suppose -1150 = -5*a - 5*v, 5*v + 20 = v. Suppose 2*r - a = 65. Suppose r = 4*l - 42. Calculate the remainder when l is divided by 13.
9
Let i be (-2)/4*(-528)/4. Suppose 4*n + 36 = 6*n. Calculate the remainder when (i/(-4))/(1/(-2)) is divided by n.
15
Let t = -562 - -631. What is the remainder when 267 is divided by t?
60
Let g be (4/6)/(8*6/504). Suppose 2*s = g*s - 25. What is the remainder when 15 is divided by s?
0
Suppose -4*d - 63 = -11*d. What is the remainder when 21 is divided by (d/(-27))/((-1)/18)?
3
Let f(n) = n**3 + 11*n**2 - 3*n - 10. What is the remainder when f(-9) is divided by 60?
59
Suppose -8*x + 65 = -3*x - 2*d, 0 = -4*x + 4*d + 40. Calculate the remainder when 32 is divided by (3 - 2/2) + x.
15
Let g(k) = -k**3 + 3*k**2 - k - 5. Suppose 0 = -2*m - 7 + 25. Calculate the remainder when g(-2) is divided by m.
8
Let f = 5 - 11. Let p = f + 4. Let r = p + 13. Calculate the remainder when 32 is divided by r.
1